hen 44/(-121) - 1497*(-14)/462 is divided by b.
0
Let h(p) = 1009*p**2 + 3*p + 2. Calculate the remainder when h(-1) is divided by 40.
8
Suppose 12*u - 264 - 68 = 64. What is the remainder when u is divided by 23?
10
Calculate the remainder when ((-1)/(-10)*5)/(4/1376) is divided by 50.
22
Suppose -19*q + 32*q + 26 = 0. Calculate the remainder when 19 is divided by ((-16)/(-10) + q)/((-66)/825).
4
Suppose -5*k + 144 = 3*r, 0 = 54*k - 53*k + 5*r - 20. What is the remainder when k is divided by 78/(-18)*(-4 + 1)?
4
Let o = -15702 + 27418. What is the remainder when o is divided by 3905?
1
Let q be 119/(-2)*60/(-210). Suppose -q*k - 397 = -2386. What is the remainder when k is divided by 18?
9
Let x(i) = -21*i. Suppose 12*z - 80 = 4*z. Suppose -z - 8 = 9*l. What is the remainder when x(l) is divided by 11?
9
Let q = 71 - 48. Let t = 9564 + -9512. What is the remainder when t is divided by q?
6
Calculate the remainder when -10*(-32)/(-48)*(-15)/2 is divided by 10.
0
Let a(r) = 2*r**2 - r - 2. Let h = -554 - -1050. Let p = h - 475. Calculate the remainder when a(-7) is divided by p.
19
Suppose -147*z + 4*m = -148*z + 714, 1374 = 2*z - m. What is the remainder when z is divided by 32?
18
Let d = 6639 + -6266. What is the remainder when d is divided by 96?
85
Let r(b) = 13*b - 14*b**2 + 7*b - 9*b - 7*b**3 + 8*b**3 + 77. Calculate the remainder when 146 is divided by r(13).
44
Suppose 2*b - 49 = 5*h, 63*b - h = 65*b - 31. Calculate the remainder when 4 - (-91 + -4) - -1 is divided by b.
15
Let v(z) = 20*z**2 + 49*z + 100. Calculate the remainder when 435 is divided by v(-3).
36
Let i = -383 + 400. Suppose 7*z - i*z = -880. Calculate the remainder when 1495 is divided by z.
87
Suppose -v + 262 = 4*i, -5*v = -2*i - i + 208. Suppose -58*b + i*b = 88. What is the remainder when 95 is divided by b?
7
Let y = -17 - -26. Calculate the remainder when (713*45/5175)/(1*(-2)/(-20)) is divided by y.
8
Suppose 71 = 2*d + 25. Suppose 0*i - 2*a = 2*i - 72, -3*a + 147 = 4*i. Calculate the remainder when i is divided by d.
16
Suppose 3*m + 2*m + 5 = 0. Suppose 0 = 232*b + 313*b - 3270. What is the remainder when (-3 + 20)*(2 + m) is divided by b?
5
Let j = 4201 + -4082. What is the remainder when 303 is divided by j?
65
Let z(q) = -2*q**3 - 2*q**2 + 16*q + 95. What is the remainder when 573 is divided by z(-3)?
75
Let n be ((-784)/(-42))/(10/(-6) + 2). Let m = n - 20. Suppose 0 = -5*p + 37 + 58. Calculate the remainder when m is divided by p.
17
Suppose -222*u = -280*u + 19952. Calculate the remainder when u is divided by 328.
16
Let s(t) = t**2 - 12*t - 7. Let u be s(16). Let j = u + -39. What is the remainder when 267 is divided by j?
15
Let y = 1974 - 1957. Suppose 3*t = -5*g + 142, -86 = -3*g - 4*t + 3*t. Calculate the remainder when g is divided by y.
12
Suppose -237*i - 32696 = -371*i. Calculate the remainder when 1226 is divided by i.
6
Let u(b) = b - 8. Let i be u(6). Let o = -6149 - -6175. Calculate the remainder when o is divided by (i - -3)/(2/18).
8
Suppose -7221 + 453 = -47*j. Calculate the remainder when 717 is divided by j.
141
Let u(h) = 615*h**3 + 3*h**2 - 6*h + 4. What is the remainder when u(1) is divided by 27?
22
Let k(j) = -j**3 - 17*j**2 - 53*j - 1. Let b be k(-4). Suppose b*y - 5*c = 787, 3*y - 12*c + 11*c - 779 = 0. What is the remainder when y is divided by 65?
64
Let l be 6/(-33) - 26/(-22) - -1409. Suppose 947*j - 952*j + l = 0. What is the remainder when j is divided by 17?
10
Let q(v) = 6*v**2 + 6*v - 4. Calculate the remainder when 1012 is divided by q(1).
4
Let i = 843 + -849. Calculate the remainder when (i - 2) + (-18 - -131) is divided by 15.
0
Suppose 41 = 2*d - 5*d - 2*w, 0 = 3*d + 4*w + 49. Let b = d - -21. Let a = -1602 - -1660. What is the remainder when a is divided by b?
8
Let a be (-4 + (-26)/(-5))*5. Let r be (-15)/(-2)*16/a. Suppose -309 = -3*i - 2*m - 52, -5*m + r = 0. What is the remainder when i is divided by 17?
15
Suppose 8*j - 124631 = -79599. Calculate the remainder when j is divided by 16.
13
Let x(p) = -2*p**2 + 38*p + 21. Suppose 4*k - 13 = 4*h - 65, 2*h = 3*k + 37. Let w = -6 - k. Calculate the remainder when x(19) is divided by w.
1
Suppose -5*w - 5*z = -1035, 2*z + 45 = 43. Calculate the remainder when w is divided by 9.
1
Calculate the remainder when 4278 is divided by 519/13 - (6 - (-158)/(-26)).
38
Let a(q) = 21*q - 15. Let m be a(0). What is the remainder when (156/(-48) + m)/((-2)/32) is divided by 33?
28
Let a(j) = -2*j**3 - j. Let f be a(-1). Suppose -2*p = -3*x + 81, -3*x - f*p + 27 = -2*x. Let n = 35 - x. What is the remainder when 39 is divided by n?
7
Let f(v) = -v**2 - 50*v - 558. What is the remainder when 988 is divided by f(-24)?
64
Suppose -23 = -h - 4*c, -h - 2*c + 14 = -c. Suppose -3*y = 4*f - 28, -3*y + h*f - 9*f = -22. What is the remainder when 29 is divided by y?
5
Suppose -12*b = 12*b - 4*b - 95200. Calculate the remainder when b is divided by 23.
22
Let p = -4948 + 5161. What is the remainder when 3405 is divided by p?
210
Let z = -6 - -40. Let i(x) = 10*x**3 - x**2 + 11*x. Let h be i(4). Let b = h + -661. Calculate the remainder when z is divided by b.
6
Let j = 167 + -55. Suppose -j = -2*h + 116. Calculate the remainder when h is divided by 30.
24
Suppose -2*y + 3*t - 69 = -5*y, -2*y = 3*t - 42. What is the remainder when 618 is divided by y?
24
Let o = -8470 + 9027. What is the remainder when o is divided by 205?
147
Suppose -13 - 3 = 4*c. Let g = -8802 - -8803. What is the remainder when (-2)/(c/2)*2 is divided by g?
0
Let g be ((-4)/(-2))/(0 - (-10)/15). Suppose 0 = g*q - 18 - 12. Suppose -16*c + 138 = -q*c. What is the remainder when 65 is divided by c?
19
Suppose -t + 0*t = -2*g + 258, -g - 3*t + 122 = 0. Let y be 1 + g + (3 - 6 - 1). Suppose -y*j = -124*j - 357. What is the remainder when j is divided by 36?
33
Let t(u) = 55*u + 288. Calculate the remainder when 482 is divided by t(-3).
113
Let d = -918 - -941. Suppose 11 = -d*m + 24*m. Calculate the remainder when 680 is divided by m.
9
Let d(l) = -4*l**3 - 3*l**2 - 2*l - 3. Let n(c) = c**3 + 4*c**2 + 5*c + 4. Let v be n(-3). Let q = 157 - 118. What is the remainder when q is divided by d(v)?
18
Calculate the remainder when 492 is divided by (-2640)/(-280)*(-7)/(-2).
30
Let h = 594 + -839. Let f = h - -142. Let l = -90 - f. What is the remainder when 49 is divided by l?
10
Let r(n) = 4*n**2 + 18*n + 30. Calculate the remainder when 124 is divided by r(-6).
58
Let j = 5837 + -1167. What is the remainder when j is divided by 8?
6
Suppose -76 = 4*q - 19*p + 20*p, 0 = -p - 4. Let k = 85 - q. Calculate the remainder when k is divided by 38.
27
Suppose -5*d - 50 = -2*l, -7*l + 6*l + 25 = -5*d. Suppose 0 = 28*v - l*v - 81. Let q = v + 9. What is the remainder when q is divided by 13?
10
Suppose 32 = 3*v + 20. Calculate the remainder when (v/10)/((-3)/(-810)) is divided by 32.
12
Let z(d) = 11*d + 513. What is the remainder when ((-478)/(-3))/((-14)/(-21)) is divided by z(-43)?
39
Let v = 300 - 296. Suppose 1116 = 4*i - 2*o, -3*i + v*o - 5*o + 837 = 0. What is the remainder when i is divided by 8?
7
Suppose -18*v = -8*v - 1250. Let i(o) = 4*o + 121. What is the remainder when v is divided by i(-28)?
8
Let c = -3572 - -3587. What is the remainder when 26 is divided by c?
11
Let p(b) = -b**2 - 36*b - 14. Let s = 17 - -5. What is the remainder when p(-25) is divided by s?
19
Let l(h) = h**2 + h + 25. Let x be (-210)/(-20) + -11 + 397/2. Let j = x - 152. What is the remainder when j is divided by l(0)?
21
Let n(i) = -4*i + 19. Let c be n(13). Let t = 30 + c. Let p(u) = u**2 - u - 7. Calculate the remainder when 8 is divided by p(t).
3
Let a = -214 + 216. Suppose 0 = a*s - 2*j - 506, -s - 4*s + 1259 = -3*j. Calculate the remainder when s is divided by 9.
7
Suppose 5*w + 3*r - 156 = -22, -118 = -4*w + 3*r. Let o be (-14 - -4) + 325 - 4/1. Suppose 3*q = -62 + o. Calculate the remainder when q is divided by w.
27
Let b(d) = -2*d**3 - 127*d**2 + 39*d - 661. Calculate the remainder when b(-64) is divided by 923.
16
Suppose -557 = -5*o + 3*x, -16*x + 21*x + 20 = 0. Calculate the remainder when 112 is divided by o.
3
Let p(c) = -c**2 + 12*c + 286. Calculate the remainder when p(15) is divided by 130.
111
Let q = -20572 - -22388. What is the re